{"id":343,"date":"2023-10-31T22:24:07","date_gmt":"2023-10-31T22:24:07","guid":{"rendered":"https:\/\/ctek.is\/?page_id=343"},"modified":"2024-05-13T13:46:19","modified_gmt":"2024-05-13T13:46:19","slug":"anb-sensors","status":"publish","type":"page","link":"https:\/\/ctek.is\/?page_id=343","title":{"rendered":"CTEK"},"content":{"rendered":"\n<p><\/p>\n\n\n\n<p>CTEK sagan hefst fyrir r\u00famum 25 \u00e1rum  \u00ed Sv\u00ed\u00fej\u00f3\u00f0. \u00deetta er \u00fear sem stofnandi okkar \u2013 s\u00e6nski uppfinningama\u00f0urinn Bengt Wahlqvist \u2013 bj\u00f3 til fyrsta rafhl\u00f6\u00f0uhle\u00f0slut\u00e6ki\u00f0 til a\u00f0 nota rafr\u00e6na p\u00falst\u00e6kni.<br>Og, \u00fe\u00f6kk s\u00e9 t\u00e6knilegri s\u00e9rfr\u00e6\u00f0i\u00feekkingu og \u00ferautseigju Bengt, f\u00e6ddist fyrsta \u201esnjalla\u201c rafhl\u00f6\u00f0uhle\u00f0slut\u00e6ki\u00f0 \u00ed heiminum.<\/p>\n\n\n\n<p>Fr\u00e1 \u00fev\u00ed a\u00f0 vi\u00f0 byrju\u00f0um \u00e1ri\u00f0 1997 hefur v\u00f6ru\u00farval okkar st\u00e6kka\u00f0 verulega til a\u00f0 m\u00e6ta kr\u00f6fum \u00f6kut\u00e6kjaeigenda, fagverkst\u00e6\u00f0i og notkunar \u00ed m\u00f6rgum \u00f6\u00f0rum atvinnugreinum.<\/p>\n\n\n\n<p>Vi\u00f0 erum stolt af \u00fev\u00ed a\u00f0 segja a\u00f0 v\u00f6rur okkar f\u00e1 fr\u00e1b\u00e6ra d\u00f3ma um allan heim og sigra samkeppnina reglulega me\u00f0 \u00fev\u00ed a\u00f0 vera kr\u00fdndar \u201ebest \u00ed pr\u00f3fi\u201c.<\/p>\n\n\n\n<p>Vi\u00f0 seljum n\u00fa yfir eina millj\u00f3n hle\u00f0slut\u00e6kja \u00ed 70 l\u00f6ndum, um allan heim, \u00e1 hverju \u00e1ri.<\/p>\n\n\n\n<p><\/p>\n","protected":false},"excerpt":{"rendered":"<p>CTEK sagan hefst fyrir r\u00famum 25 \u00e1rum \u00ed Sv\u00ed\u00fej\u00f3\u00f0. \u00deetta er \u00fear sem stofnandi okkar \u2013 s\u00e6nski uppfinningama\u00f0urinn Bengt Wahlqvist \u2013 bj\u00f3 til fyrsta rafhl\u00f6\u00f0uhle\u00f0slut\u00e6ki\u00f0 til a\u00f0 nota rafr\u00e6na p\u00falst\u00e6kni.Og, \u00fe\u00f6kk s\u00e9 t\u00e6knilegri s\u00e9rfr\u00e6\u00f0i\u00feekkingu og \u00ferautseigju Bengt, f\u00e6ddist fyrsta \u201esnjalla\u201c rafhl\u00f6\u00f0uhle\u00f0slut\u00e6ki\u00f0 \u00ed heiminum. Fr\u00e1 \u00fev\u00ed a\u00f0 vi\u00f0 byrju\u00f0um \u00e1ri\u00f0 1997 hefur v\u00f6ru\u00farval okkar st\u00e6kka\u00f0 verulega [&hellip;]<\/p>\n","protected":false},"author":1,"featured_media":0,"parent":803,"menu_order":0,"comment_status":"closed","ping_status":"closed","template":"","meta":{"_acf_changed":false,"footnotes":""},"class_list":["post-343","page","type-page","status-publish","hentry"],"acf":[],"_links":{"self":[{"href":"https:\/\/ctek.is\/index.php?rest_route=\/wp\/v2\/pages\/343","targetHints":{"allow":["GET"]}}],"collection":[{"href":"https:\/\/ctek.is\/index.php?rest_route=\/wp\/v2\/pages"}],"about":[{"href":"https:\/\/ctek.is\/index.php?rest_route=\/wp\/v2\/types\/page"}],"author":[{"embeddable":true,"href":"https:\/\/ctek.is\/index.php?rest_route=\/wp\/v2\/users\/1"}],"replies":[{"embeddable":true,"href":"https:\/\/ctek.is\/index.php?rest_route=%2Fwp%2Fv2%2Fcomments&post=343"}],"version-history":[{"count":14,"href":"https:\/\/ctek.is\/index.php?rest_route=\/wp\/v2\/pages\/343\/revisions"}],"predecessor-version":[{"id":1124,"href":"https:\/\/ctek.is\/index.php?rest_route=\/wp\/v2\/pages\/343\/revisions\/1124"}],"up":[{"embeddable":true,"href":"https:\/\/ctek.is\/index.php?rest_route=\/wp\/v2\/pages\/803"}],"wp:attachment":[{"href":"https:\/\/ctek.is\/index.php?rest_route=%2Fwp%2Fv2%2Fmedia&parent=343"}],"curies":[{"name":"wp","href":"https:\/\/api.w.org\/{rel}","templated":true}]}}